5 and 424733.
1217
What is the greatest common divisor of 1235 and 82095?
65
Calculate the greatest common factor of 627 and 248169.
3
Calculate the greatest common divisor of 141856 and 473.
11
Calculate the greatest common divisor of 78984 and 226.
2
Calculate the highest common divisor of 41612 and 458136.
404
What is the highest common factor of 1152 and 24187008?
384
Calculate the highest common divisor of 149642976 and 6528.
1632
What is the highest common divisor of 63 and 41573525?
7
Calculate the greatest common divisor of 81077583 and 103.
103
Calculate the greatest common factor of 231 and 164498642.
77
Calculate the highest common divisor of 574330 and 151943.
727
Calculate the highest common divisor of 2346 and 1047234.
102
Calculate the highest common divisor of 370 and 3077475.
185
Calculate the greatest common divisor of 3136476 and 11760.
84
What is the greatest common divisor of 4589752 and 64?
8
What is the highest common factor of 7664 and 671349156?
1916
What is the greatest common factor of 326325 and 2147?
19
Calculate the greatest common divisor of 3729 and 2312997.
339
What is the greatest common divisor of 1837122 and 1258?
34
What is the greatest common factor of 1878997807 and 173?
173
Calculate the highest common factor of 119 and 73450251.
119
What is the highest common divisor of 7101341 and 52?
13
Calculate the highest common divisor of 3 and 1512867867.
3
Calculate the greatest common factor of 825 and 2173281.
33
What is the highest common divisor of 4430105 and 45?
5
What is the greatest common factor of 359513748 and 44?
44
What is the greatest common divisor of 9766 and 187834?
38
Calculate the greatest common factor of 2072 and 2131681.
37
Calculate the greatest common factor of 270 and 2952330.
30
What is the highest common factor of 10 and 2468613390?
10
Calculate the greatest common factor of 187 and 11512451.
17
What is the highest common factor of 1182120 and 72?
24
Calculate the greatest common factor of 35 and 898160.
5
Calculate the greatest common divisor of 488356 and 8591.
121
What is the greatest common factor of 342509784 and 48?
24
What is the highest common factor of 776710 and 206085?
55
Calculate the highest common divisor of 3721866 and 270.
6
Calculate the highest common factor of 1938 and 48603.
51
What is the highest common factor of 314 and 325537616?
314
What is the highest common factor of 42976982 and 47630?
866
What is the greatest common factor of 175 and 298466?
7
Calculate the highest common factor of 547550 and 482690.
470
Calculate the highest common factor of 1425 and 219279.
57
Calculate the greatest common divisor of 1318 and 152589473.
659
Calculate the greatest common divisor of 9997248 and 144.
48
What is the greatest common divisor of 162 and 1523859?
3
What is the highest common divisor of 56178 and 2502?
18
What is the greatest common factor of 1098432 and 49824?
288
Calculate the highest common divisor of 1029015 and 1300.
65
Calculate the greatest common factor of 449134 and 2009.
49
What is the highest common factor of 23765832 and 23688?
3384
Calculate the greatest common divisor of 1009 and 1969252183.
1009
What is the highest common factor of 30772731 and 66?
33
Calculate the greatest common factor of 4524 and 69450186.
2262
Calculate the greatest common factor of 7277916 and 48.
12
Calculate the greatest common divisor of 923 and 1921751.
13
What is the highest common factor of 17049170 and 28624?
3578
Calculate the greatest common divisor of 13499972 and 2856.
68
Calculate the greatest common divisor of 20391 and 4227.
3
Calculate the highest common divisor of 1432280019 and 246.
123
What is the highest common factor of 16691508 and 36?
36
Calculate the greatest common factor of 16 and 116481.
1
Calculate the greatest common factor of 1120644 and 78288.
84
What is the highest common divisor of 138287328 and 84?
12
Calculate the highest common factor of 6369 and 30307948.
2123
Calculate the greatest common factor of 15917486 and 1318.
1318
Calculate the greatest common divisor of 9812 and 51435842.
446
What is the highest common divisor of 12263471 and 26015?
5203
What is the greatest common divisor of 1391916 and 20040?
12
What is the highest common factor of 1430805 and 40548?
93
Calculate the greatest common divisor of 196020 and 320892.
1452
What is the highest common divisor of 75748498 and 5474?
238
Calculate the greatest common divisor of 26040 and 154320.
120
Calculate the greatest common factor of 14800860 and 1620.
540
What is the greatest common factor of 338 and 15917434?
338
Calculate the highest common divisor of 40 and 454811690.
10
Calculate the greatest common divisor of 2 and 168084524.
2
What is the greatest common factor of 19225632 and 2538?
282
Calculate the greatest common factor of 57603345 and 1795.
1795
What is the greatest common divisor of 43829458 and 14370?
958
Calculate the greatest common divisor of 377265 and 73845.
15
What is the greatest common factor of 68524 and 2137208?
1852
Calculate the greatest common factor of 1150 and 93430.
10
Calculate the highest common divisor of 53196 and 5264064.
156
Calculate the greatest common factor of 755623 and 33726.
803
Calculate the greatest common factor of 48 and 327075440.
16
What is the greatest common divisor of 9 and 1772700759?
9
Calculate the greatest common factor of 71005280 and 96.
32
What is the highest common divisor of 38573 and 358139?
17
What is the highest common factor of 2142 and 6043?
1
Calculate the greatest common divisor of 27451080 and 36.
36
Calculate the highest common divisor of 60322190 and 2950.
590
Calculate the greatest common divisor of 3238820 and 1300.
260
Calculate the greatest common divisor of 173001813 and 1143.
381
What is the greatest common factor of 229425542 and 25264?
3158
Calculate the highest common divisor of 48 and 372132.
12
What is the highest common divisor of 705974 and 5762?
86
What is the greatest common factor of 65 and 11548220?
5
What is the highest common divisor of 1381401 and 9387?
63
Calculate the greatest common divisor of 1605 and 6630105.
15
Calculate the greatest common factor of 19668082 and 207.
23
What is the greatest common factor of 148376 and 87896?
8
Calculate the highest common divisor of 3569015 and 183115.
3455
Calculate the highest common factor of 28053 and 15085241.
1039
Calculate the greatest common factor of 528 and 6782556.
132
What is the highest common divisor of 36337 and 233856?
203
What is the greatest common factor of 18967856 and 1856?
464
What is the highest common factor of 17801319 and 24?
3
Calculate the highest common divisor of 122 and 84559664.
122
What is the greatest common divisor of 1666485 and 600735?
435
Calculate the highest common factor of 357870 and 50007.
237
Calculate the greatest common divisor of 2604 and 206755864.
868
What is the greatest common factor of 33052425 and 32080?
2005
What is the greatest common divisor of 7463 and 404319?
439
What is the highest common divisor of 6 and 224758206?
6
Calculate the greatest common factor of 72 and 66529208.
8
What is the greatest common factor of 38755072 and 2304?
256
What is the greatest common factor of 505730 and 71894?
206
Calculate the greatest common divisor of 408 and 3784472.
136
What is the greatest common factor of 99414 and 119826?
378
Calculate the highest common divisor of 8025165 and 2780.
695
Calculate the highest common divisor of 41313 and 92637.
141
Calculate the greatest common divisor of 2 and 15670723.
1
Calculate the greatest common divisor of 13060 and 20122195.
3265
Calculate the highest common factor of 192 and 92011392.
192
What is the highest common divisor of 407092340 and 60?
20
What is the highest common factor of 18831396 and 55005?
579
Calculate the highest common divisor of 734749 and 38.
19
Calculate the greatest common divisor of 80765 and 2088.
29
What is the highest common divisor of 232109823 and 957?
957
Calculate the highest common factor of 1554864 and 406.
58
What is the highest common divisor of 46770993 and 56979?
4383
What is the highest common divisor of 1392 and 134534306?
58
Calculate the greatest common factor of 198 and 247314.
6
What is the highest common factor of 1062336 and 4